e q(-5).
-15
Let q(z) = 5*z + 2. Suppose 141 = m - 4*d, 0*d = 5*m - 2*d - 633. Let x = m - 122. Determine q(x).
17
Let w(d) = 2*d**3 - 4*d - 4. Let a = 316 - 319. What is w(a)?
-46
Let o be (24/(-9) - -3)/(44/528). Let l(k) = k**2 - 4*k + 3. Determine l(o).
3
Let o(d) = -40*d**2 + 3 - 45*d**2 - 5*d + 83*d**2. Calculate o(3).
-30
Suppose 0 = 3*v + 2*l - 30, 0 = -4*v - 5*l + 57 - 10. Let h be 1 - ((-12)/(-1))/(-3). Let m(j) = h*j + 6 - 3*j - 3*j + 4. Determine m(v).
2
Suppose h + 4*c = 1, 20 = 3*h + 2*c + 7. Suppose -5*u + 4*u = 0. Let b(i) = i - 1 + 2 + u*i - 2*i. What is b(h)?
-4
Let c(h) = -4*h - 1. Suppose 8*q + 4*v - 4 = 4*q, -18 = -4*q + 3*v. Calculate c(q).
-13
Let y(p) = p**3 + 5*p**2 - 6*p - 9. Let v(a) = -3*a - 3. Let z be v(-2). Suppose -3*q - 4*n - 10 = 0, 2*q + 19 = 5*n - z. Calculate y(q).
-9
Suppose 0*k + 8 = 2*k. Let z(x) = 4*x - 23. Let y be z(7). Suppose -y*w = -k*w. Let b(c) = -c**3 + c**2 - 2. What is b(w)?
-2
Suppose l + 16 = -5*a, 5*l - 8 = 12. Let p(t) = -t**2 + 2*t + 5. Let d be p(a). Let v = 22 + d. Let s(b) = -2*b**2 + 5*b - 2. Calculate s(v).
-5
Let s(d) be the second derivative of -d**3/2 - 25*d**2/2 + 10*d + 6. Calculate s(-11).
8
Let q be (-1 + 6 + -8)*20/(-24). Let m(y) be the first derivative of 4 - 3*y - q*y**2 + 1/3*y**3. What is m(4)?
-7
Let z be ((-525)/(-300))/((-2)/8). Let u(v) = v**2 + 9*v + 9. Calculate u(z).
-5
Let r(h) = 16*h**2 - 28*h**2 + 13*h**2 + 3*h. What is r(-2)?
-2
Let x(w) be the third derivative of -w**6/120 - w**5/12 + 5*w**4/24 + w**3/2 + 2*w**2 + 35. Give x(-6).
9
Let w(n) be the first derivative of -n**4/4 + n**3 + 3*n + 25. Give w(3).
3
Let b(v) = 2*v - 1. Suppose 9 - 49 = -2*h. Let n = h - 21. Calculate b(n).
-3
Let a(k) = -k**2 + 9*k - 9. Let x be -3*2/4*(-9944)/1356. Determine a(x).
-31
Suppose 7*w = -243 + 348. Let t(r) = r + 5. Give t(w).
20
Let g be (4/(-6))/(2/(-18)). Let j be ((-15)/6)/(3/g). Let i(q) = q**3 + 5*q**2 - 2*q - 2. What is i(j)?
8
Let g(i) = i**3 - 7*i**2 + 6*i - 1. Suppose 7 = 17*u - 95. Calculate g(u).
-1
Let z(d) be the third derivative of -17*d**8/20160 - d**7/2520 + d**6/720 + 8*d**5/15 - 30*d**2. Let k(b) be the third derivative of z(b). Determine k(1).
-18
Suppose 4*c = -3*r - 17, -2*r - 2*c + 1 - 11 = 0. Let p(y) = -y - 3. Calculate p(r).
0
Let s(p) = -p**2 - 15 + 19 + 0*p**2. Let l = 47 + -44. Give s(l).
-5
Suppose 1 = -0*s - 4*s + 5*y, 0 = s - 3*y - 5. Let m(l) = 2*l**2 + 10*l + 2. Let a(i) = -i + 1. Let v(w) = 3*a(w) + m(w). Determine v(s).
9
Let j(z) = 3*z**2 - 10*z - 13. Let k(q) = -5*q**2 + 20*q + 25. Let t(l) = -7*j(l) - 4*k(l). Let a be t(-8). Let w(y) = y**3 - 8*y**2 + 9*y. What is w(a)?
14
Let f be (-1 + 3)/((3 - 2)/1). Let w(b) = 0*b - b**2 + 0*b**f - 5*b + 0*b. What is w(-6)?
-6
Suppose 5*o = 2*u - 5*u - 44, -5*o + 4*u = 23. Let k(n) = -9*n**2 - 19*n - 9. Let w(i) = -3*i**2 - 6*i - 3. Let z(q) = o*w(q) + 2*k(q). Determine z(-2).
7
Let q(i) = i**3 - 5*i**2 + 4*i + 4. Suppose 18*m - 212 = -35*m. Determine q(m).
4
Let c(i) = -i**2 - 8*i + 1. Let l = -3 + -12. Let p(q) = q**3 + 14*q**2 - 13*q + 22. Let h be p(l). Give c(h).
1
Let s(p) = -p**3 - 9*p**2 + 9*p - 13. Let q be s(-10). Let c(f) = f**3 + 2*f**2 - 4*f + 1. Let n be c(q). Let z(o) = o**2 - 5*o + 2. Calculate z(n).
-2
Let a(g) = 3 + g**2 + 3435*g + 0 - 3440*g. Let i(p) = p**2 - 4*p + 3. Let b be i(4). What is a(b)?
-3
Let p(s) = -13 + 2*s - 24 + 34. What is p(2)?
1
Let c be (-6)/10*1 + 6/10. Let k(q) be the third derivative of c + 7/6*q**3 + 0*q - 1/24*q**4 - 5*q**2. Give k(5).
2
Let k(o) = -53*o - 1 + 35*o + 45*o. What is k(1)?
26
Suppose 2*f - 3*m = -0*m - 9, 0 = -f - 3*m. Let s = f - -6. Let w(r) = -4*r + 2*r**2 + 5 + 0 - 2 - 1. What is w(s)?
8
Let a(r) = -r - 7. Let o(i) = -3*i - 7. Let t(x) = 2*a(x) - 3*o(x). Determine t(-5).
-28
Let b(q) = 36*q - 251. Let n be b(7). Let z(h) = 39*h. Give z(n).
39
Let s(u) = -6*u - 1. Let l = -134 - -132. Determine s(l).
11
Let z(m) = -4*m**3 + 6*m**2 - 9*m + 7. Let t(a) = 7*a**3 - 12*a**2 + 17*a - 13. Let r(y) = -3*t(y) - 5*z(y). What is r(4)?
12
Let o(i) = i**3 + 6*i**2 - 11*i - 13. Let t be (16 - (5 + 17)) + -1*1. Give o(t).
15
Let s(g) = -g - 7. Let f be 240/(-120) - 3*4/2. Determine s(f).
1
Suppose 0 = -q + 5*q - 2*u + 20, 19 = -q + 4*u. Let i be q + 9/3 - 2. Let l(k) = -4 + 2*k + 1 + 2. Give l(i).
-5
Suppose 3*x = 3*h + 30, 2*h + 32 = 3*x + 7. Let l(w) = w**2 + 4*w + 1. Calculate l(h).
6
Let o(j) = j - 7. Let l(z) = -5*z + 28. Suppose 0 = u + 3*x - 1 - 2, -3*x = -3*u - 39. Let w(t) = u*o(t) - 2*l(t). Calculate w(-5).
2
Suppose 3*p - l - 8 = 0, 3*p - 2*l = -2 + 9. Let b(z) = -22 - 29 - 23 + 75 - p*z. What is b(2)?
-5
Let q(p) be the third derivative of p**8/6720 - p**7/840 + p**6/720 + 4*p**5/15 + 46*p**2. Let n(g) be the third derivative of q(g). Give n(4).
25
Let d(k) be the second derivative of k**5/20 - k**4 - k**3/2 + 4*k**2 - 486*k. Give d(12).
-28
Let l(w) = -12*w**2 + 0 + 4 - w - 562*w**3 + 563*w**3 + 5. Let p(o) = 2*o - 13 - 19 + 35*o**2 + 6 - 3*o**3. Let y(a) = 17*l(a) + 6*p(a). Determine y(5).
-3
Let g(a) = 2*a**2 + 2*a. Let w(o) = o**3 + 13*o**2 - 9*o - 3. Let b be w(-13). Suppose r = 5*r + 5*x + 98, -2*x - b = 5*r. Let c = 20 + r. What is g(c)?
4
Let f(t) = -2*t + 4. Suppose 95 = 13*x + 17. Give f(x).
-8
Let f(n) be the third derivative of n**7/1008 + n**6/720 - 7*n**5/60 - 26*n**2. Let o(s) be the third derivative of f(s). Suppose 5*b - 10 = -5. Determine o(b).
6
Let k(b) = -b**3 - b**2 + b - 1. Let p(g) = -g**2 + 18*g - 33. Let f be p(19). Let u = -52 - f. Calculate k(u).
-1
Let y(b) be the second derivative of b**7/840 - b**5/120 - b**4/24 + 2*b**3/3 - 11*b. Let l(u) be the second derivative of y(u). Let q = -11 + 9. What is l(q)?
-7
Let t(k) = k + 11. Let o(n) = n**3 + 7*n**2 + 4*n + 22. Suppose 14 = -2*z - 2*f + f, 3*f + 7 = -z. Let h be o(z). What is t(h)?
5
Let z(r) = 4*r**2 + r + 1. Let u(b) = b**3 - 8*b - 8. Let n(m) = u(m) - 2*z(m). Calculate n(9).
-19
Let a(o) = o**3 + 8*o**2 - 4*o - 28. Let n(b) = -2*b**3 + 21*b**2 - 47*b - 22. Let q be n(7). Give a(q).
4
Let y(s) be the third derivative of s**5/60 - s**4/3 + s**3/6 - 2*s**2 + 15*s. Give y(9).
10
Suppose 0*p + 99 = 3*p - 5*z, 0 = 2*p + 4*z - 88. Let o(h) = -23*h + 0*h**2 - 3 - h**2 + p*h - 18*h. Let b be 1/(1*(-2)/6). Determine o(b).
-3
Let s(h) = -h**2 + 13*h - 11. Let i be s(12). Suppose 3*o - 4 = -i, 4*u = -3*o + 15. Let q(y) = 0 - y**3 - y**2 + y**2 + 6*y - 2 + u*y**2. Give q(4).
6
Let y(d) = d**2 - 7*d + 5. Let p(j) = -1. Let z = -36 + 31. Let x(b) = z*p(b) - y(b). What is x(7)?
0
Let h = 104 - 44. Let y(p) = 7 + h*p**2 - p - 59*p**2 - 9 - p. Let s be 6 + -1*(2 + -1). What is y(s)?
13
Let k(m) = 5*m**3 - 8*m**2 - 4*m - 9. Let c(y) = 9*y**3 - 15*y**2 - 7*y - 14. Let p(t) = -4*c(t) + 7*k(t). What is p(3)?
2
Let t(h) = h**2 - 11*h - 55. Let c be t(-4). Let f(s) = s**2 - 4*s - 3. Give f(c).
2
Let b(p) = p - 10. Suppose 8*h + 22 = 10*h. Suppose 0*v - 77 = -h*v. Calculate b(v).
-3
Let v be 0 - (-1)/(-1) - -3. Let l(r) = 7*r**2 + 6*r**2 + 2*r**2 - 21*r**v. Calculate l(1).
-6
Suppose -29 = -38*k - 219. Let d(t) = t**3 + 5*t**2 + t - 1. What is d(k)?
-6
Let c = 729 + -737. Let j(g) = -g**2 - 8*g - 2. Give j(c).
-2
Let i(s) = 14*s**2 + 7*s**2 - 20*s**2 + 5*s. Determine i(-5).
0
Let t(z) = -27*z**2 - 1 - 9*z**3 + 25*z**2 + 5*z**3. Calculate t(-2).
23
Let y(o) = -o**3 + 4*o**2 + 4*o + 12. Let l = -509 - -514. Give y(l).
7
Let v(n) = -27*n + 79. Let m(h) = 15*h - 39. Let w(b) = 7*m(b) + 4*v(b). Determine w(16).
-5
Let a(k) = -2 - 8*k - 1 + k**2 - 3. Suppose -4*t + 2*r - 28 = 0, -5*t - 2*r - 34 = 1. Let w(c) = c**3 + 8*c**2 + 4*c - 13. Let y be w(t). Give a(y).
-6
Let l(g) = 0*g**2 + 2 - g + 2*g**2 - g**2 + g**3. Suppose 4*u + 1132 = 1132. What is l(u)?
2
Let r(v) = 14*v - 8 + v**2 - 6*v - 1 + 3 - 23. What is r(-12)?
19
Let l be (-5 + (-205)/15)/((-6)/9). Suppose 6*a - l = 2. Let h(q) = 6 - q - 5 + 8. Calculate h(a).
4
Let t(w) = -208*w + 6*w**2 + 7*w**3 + 4 - 6*w**3 + 214*w. Give t(-5).
-1
Let n(w) = -w**3 - 15*w**2 - 25*w + 15. Let t = 580 - 593. Give n(t).
2
Let d(i) = i**2 - 7*i + 7. Let w be d(6). Let b(c) = 1. Suppose -3*v - 1 = -4. Let h(l) = -2*l + 6. Let s(j) = v*h(j) - 5*b(j). Give s(w).
-1
Let m = -45 - -56. Let t(a) = -2*a - 2*a + m*a + 2*a - 1. Calculate t(1).
8
Let d(q